 + 9*t**2 + 6 + 5*t. What is g(d)?
3
Suppose -65*k + 51*k - 41*k - 55 = 0. Let v(z) = -80*z**2 + 2*z + 3. Calculate v(k).
-79
Let a(h) be the third derivative of h**5/60 + h**4/12 - 15*h**3/2 + 9*h**2 - 39. Determine a(-9).
18
Let t(r) = r**3 + r**2 - 2*r + 3. Suppose -38*a + 36*a = 4*o - 14, -5*o + 3*a = 21. Determine t(o).
3
Let m(t) = -9*t - 3. Let c(b) = -32*b - 8. Let r(y) = 2*c(y) - 7*m(y). Let o = 0 - -5. Calculate r(o).
0
Let i(c) = 4*c - 12. Let y(k) = -4*k + 17. Let u(n) = -10*i(n) - 6*y(n). What is u(5)?
-62
Let x(t) = -13*t**2 - 4*t + 12. Let k(m) = -10*m**2 - 3*m + 11. Let y(f) = -4*k(f) + 3*x(f). Let d be 3/(-12) - (-5)/20. Give y(d).
-8
Let c(q) be the third derivative of -q**5/15 + 13*q**4/24 + q**3 - 4778*q**2. Give c(5).
-29
Let t(x) be the third derivative of -x**2 + 1/3*x**3 + 1/120*x**6 + 0 + 0*x + 0*x**5 + 1/24*x**4. Suppose -44*k - 162 = -149*k - 88 + 136. Give t(k).
12
Suppose -62 = 3*f - 71. Let q(l) = -l**3 - l - 17 - 3*l**2 + 2*l**3 - f*l + 15 + 3*l. Let p(u) = 3*u**2 - u + 1. Let i be p(1). Give q(i).
-5
Let z(k) = -k**3 + 12*k**2 - 14. Suppose 21 = -4*n + 5*x, 0*x + x = 1. Let t be 18/((n/(-10))/(28/105)). Determine z(t).
-14
Let q(g) = -21 + 3*g - 60 + 7 - 56. Let r be q(0). Let z = -137 - r. Let w(x) = -2*x + 5. What is w(z)?
19
Let c(s) = -5*s**2 - 3*s - 2. Suppose -411 + 86 = 25*u. Let j(k) = 2*k**2 + 22*k - 53. Let x be j(u). Give c(x).
-4
Let f(t) be the first derivative of t**4/4 - 7*t**3/3 + 4*t**2 - 10*t + 64. Give f(6).
2
Let u(g) = -g**3 + 6*g**2 - 3*g - 10. Let n(v) = 2*v**2 + 4*v + 5. Let f(m) = -m**3 - 4*m**2 + 19*m - 16. Let a be f(-7). Let t be n(a). Give u(t).
0
Let a(w) be the third derivative of w**5/60 - 3*w**4/8 - w**3/2 + 3*w**2. Let s(j) = 3*j**2 - 4*j + 5. Let l = -55 - -57. Let y be s(l). What is a(y)?
-3
Let h = 266 + -218. Let x be 6/(h/(-20)) - 7/2. Let j(n) = 2*n + 2*n**2 - 4*n**2 + 3*n + 3*n**2 - 2. Determine j(x).
4
Let h(n) = -n - 24. Let d(a) = a**2 + 48*a + 573. Let t be d(-21). Determine h(t).
-30
Let r(z) = 8*z - 336. Let y(f) = 12*f - 518. Let j(c) = 14*r(c) - 9*y(c). Give j(9).
-6
Let n(q) = 2*q**3 - 4*q**2 - 26*q + 64. Let y be n(3). Let v = -18 - -26. Let r(p) = -6*p + v*p - 2 + 4*p. Calculate r(y).
22
Let m(j) = -2*j**2 + 7*j + 7. Suppose 3*y = -3*t + y - 1030, 0 = 4*y + 20. Let h = t + 346. Give m(h).
-23
Let i(q) be the second derivative of -q**4/4 - 7*q**3/6 + 11*q**2/2 - 3771*q. Determine i(2).
-15
Let r(o) be the first derivative of 3*o + 1/2*o**2 - 5/3*o**3 + 48 + 1/4*o**4. What is r(4)?
-9
Let y(i) = i**3 + 2*i**2 - 10*i - 3. Let c(l) = -3*l**2 + 0 - l - 2 + 1 + 4*l**2. Suppose 93 = -13*s + 28. Let f(q) = s*c(q) + y(q). Calculate f(4).
-2
Let w(l) = 11*l**2 + l**2 - 7*l**3 + 6*l**3 - 12*l**2 - 8*l**2 + 8 + 4*l. Calculate w(-6).
-88
Let w(x) be the first derivative of 1/4*x**4 + 111 - 3/2*x**2 - 1/3*x**3 + 3*x. Determine w(3).
12
Let m(x) = -4*x**3 - 39*x**2 - 36*x - 37. Let f(k) = 3*k**3 + 37*k**2 + 35*k + 35. Let v(o) = 3*f(o) + 2*m(o). Calculate v(-32).
-1
Let h(t) = 11*t**3 - 4*t**2 + 3*t + 4. Let y(x) = -3*x**2 + 12*x**3 + 2 - 1 + 1 + 1 + 2*x. Let j = -340 + 338. Let l(p) = j*h(p) + 3*y(p). Give l(-1).
-14
Let f = -37 + 39. Let b(p) = 5*p - 4*p + 10*p**f - 20*p**2 + 0*p. Suppose -4*y - 34 + 38 = 0. Determine b(y).
-9
Let f(n) = 21 + n - 21. Let l be f(2). Suppose -l*k + 3 = 7. Let g(h) = -h**3 - 2*h**2 - 2. What is g(k)?
-2
Let s = -15 - -18. Let p = -266 - -261. Let h(a) = -a**2 + 7*a - 3. Let i(j) = -2*j**2 + 13*j - 5. Let r(k) = p*h(k) + s*i(k). Calculate r(4).
0
Let k(a) = 2*a + 41. Let z(d) = 3*d + 92. Let m(s) = -9*k(s) + 4*z(s). Let x(j) = -2*j - 11. Let l be x(-8). Determine m(l).
-31
Let f be -1*(10/5 - 10). Suppose f*s = 2*s - 312. Let n = 56 + s. Let x(o) = -o**2 + 3*o - 1. Calculate x(n).
-5
Suppose -30 = -14*t + 20*t, -3*s + 35 = -4*t. Let y(b) be the second derivative of -33*b + 0*b**3 - 1/20*b**s - 15/2*b**2 - 1/12*b**4 + 0. Determine y(0).
-15
Let y be 20/25 + ((-8)/(-2) - (-72)/(-15)). Let r(w) = w**3 - w**2 - 4*w - 9. Give r(y).
-9
Let u(r) = -2*r**3 + 2*r - 2. Let b(y) = -y**3 - 30*y**2 + 131*y + 1053. Let t be b(-33). What is u(t)?
46
Let c(o) = -2*o + 16. Let s(g) = 3*g + 6. Let i(x) = -2*c(x) + 3*s(x). Give i(2).
12
Let w(q) = -q**2 - 5*q - 5. Let j be 2*(-18 - 129/(-6)). Calculate w(j).
-89
Let m(q) be the second derivative of -3*q**4/4 + 5*q**3/6 - q**2 - 1906*q. What is m(1)?
-6
Let b(k) = 7*k - 1. Let q(n) = 5*n - 7 - 12*n - 2*n**3 - 10*n - 16*n**2 - 11. Let y be q(-7). Give b(y).
20
Let h(a) = 4*a. Let d(i) = 15*i - 22. Let j(o) = -5*o + 8. Let v(b) = -4*d(b) - 11*j(b). Let s(n) = -4*h(n) - 3*v(n). Determine s(1).
-1
Let l(v) = -4*v - 251. Let b(a) = -9*a - 259. Let k(r) = -6*b(r) + 5*l(r). Calculate k(-9).
-7
Let k = -85 - -94. Suppose -3*d = 4*g - 5 + k, -5*g + 22 = -3*d. Let h(j) = -3*j**2 + 5*j - 2. Calculate h(g).
-4
Let i(r) be the second derivative of 7*r**5/20 - r**4/3 - 5*r**3/6 - 5*r**2/2 + 598*r. Give i(-2).
-67
Let f(l) = -13*l**3 - 16*l**2 - 34*l - 72. Let s(u) = -7*u**3 - 7*u**2 - 17*u - 41. Let z(k) = -6*f(k) + 11*s(k). Give z(-18).
-1
Let f(y) = -40*y**2 + 39*y**2 - 2*y + 2 + 1. Let v(c) = -5*c - 2. Let p(i) = -i - 1. Let j(t) = 4*p(t) - v(t). Let z be j(5). Give f(z).
-12
Let u(m) = 6*m - 4 + 12*m - 59*m + 15*m + 24*m. Determine u(6).
-16
Let b(q) = 3*q**2 - 10. Let j be (84/12)/(-7) - (-56)/8. What is b(j)?
98
Suppose -20 = -2*k - 0*l + l, 5*l - 17 = -3*k. Let b = k + -8. Let t(w) = b + 3*w - 4*w - 2 - 5. Calculate t(-4).
-2
Let l(f) = -2*f**3 + 25*f**2 - 58*f - 8. Let a(o) = o**3 - 8*o**2 + 17*o + 3. Let g(h) = -7*a(h) - 2*l(h). Calculate g(4).
-113
Suppose -g - 5*g - 210 = 0. Let b = 39 + g. Let m(c) = -c - 3. What is m(b)?
-7
Suppose 4*b - 2*a = -3*a + 23, 3*b - 27 = -4*a. Suppose 0 = -4*z - b*w - 29, 3*z + 30 = -2*z - 5*w. Let j(p) = 5*p**2 + p + 2. Give j(z).
6
Let m be (-4 - -2) + (4 - -2). Let o be (-4)/(-2) - -2 - m. Let n(s) = 3*s + 2*s + o*s - 3*s - 7. What is n(8)?
9
Let u(x) = -6 - 5 + 7 - x + 2*x. Let s(c) = -c**3 - 14*c**2 + 11*c - 21. Let d be s(-14). Let q = 185 + d. Give u(q).
6
Let z(k) = -k**2 - 17*k + 61. Let j = 5960 - 5980. Determine z(j).
1
Let k(d) = -d**3 - d**2 - d - 34. Let n be (0/(-1))/(1 - 0). Suppose -3*x - 12*x = n. Determine k(x).
-34
Let l(x) = 4 + 3 + 2*x + 1. Let p = -3810 - -3818. Calculate l(p).
24
Let j(u) = u + 2. Suppose y + 8*m + 574 = 10*m, 5*y - 4*m + 2840 = 0. Let q = 557 + y. Determine j(q).
-5
Let w(u) = -u**3 - 7*u**2 - 8*u - 4. Let t be (2 - 2)/((-8)/(-8)). Suppose a + 0*a - 3 = 0. Suppose a*o - 4 + 19 = t. Determine w(o).
-14
Let f(d) = 22*d**2 + 308*d - 1. Suppose -5*a + 26 = 1154*w - 1158*w, -4*a = 24. Calculate f(w).
-1
Let u(z) = z + 4. Suppose -3*r + 7*r = 8. Suppose 3*j - 9 = -3*i, -2 = -4*i + r*j + 4. Determine u(i).
6
Let f = 40 - 51. Let k(g) = g**2 + 14*g + 33. Let l be k(f). Let a(w) = -w + 5. Give a(l).
5
Let y(n) be the third derivative of 0*n + 5 + 1/8*n**4 + 5/6*n**3 + 3*n**2. Determine y(3).
14
Let d = 92 - 87. Suppose 2*r - 2*o + 9 = d, 4*r + o - 17 = 0. Let t(k) = -k**3 + 2*k**2 + k + 3. Give t(r).
-3
Let z = -3 - -5. Suppose b = 4*d - 8, 25*d - 2*b = 27*d - 4. Let y be (6 - z - 0) + -9 + d. Let h(g) = g**3 + 2*g**2 - 5*g - 2. Calculate h(y).
4
Let f(d) = 35*d + 1. Suppose 16 = -2*v - 4*g, 4*v - 2*g = -7*g - 17. Suppose -12 = 4*t + 2*b, -v*b + 16 = 4*t - 7*b. Calculate f(t).
-34
Let w(s) = 3267*s**3 - 1628*s**3 - 1634*s**3 - 2*s + 2 + s**2. Calculate w(1).
6
Let x be (-148)/(-6) + (110/15)/(-11). Let a = x - 16. Let z(k) = -14 + a + 6 + 3 - 3*k. What is z(-5)?
18
Suppose 21*n = 18*n + 504. Let l(b) = -b - 1. Let q be l(-2). Let k(i) = i**2 + n*i - q - 171*i - 2*i**2. Calculate k(-2).
1
Let c(g) = -28 + 13*g**2 + 3*g**2 + 9 - 186*g**3 + 185*g**3 - 10*g**2 - 5*g. What is c(7)?
-103
Let a(t) be the second derivative of t**3 - 87*t**2/2 + 2084*t. Give a(14).
-3
Suppose 0*m - 22 = 4*k - 3*m, -5*k = -5*m + 30. Let c be (-4)/7 + k/(-7). Let d(z) = -z**2 - z + 6. Let l be d(c). Let j(r) = -r**2 + 9*r - 1. Calculate j(l).
17
Let m(q) be the third derivative of -2/3*q**3 + 1/24*q**4 + 0 - 1/60*q**5 + 0*q - 1/120*q**6 - 139*q**2. What is m(0)?
-4
Let q(n) = 5*n**2 + n - 1. Let m(z) = 3*z**2 - 2*z + 4. Let c(y) = -2*m(y) + q(y). What is c(7)?
-23
Let s(v) be t